mainder when b is divided by 18.
12
Suppose 2*k + 3*k = 20. Suppose k = -11*r + 7*r. Let j = r - -18. What is the remainder when j is divided by 9?
8
Let r = 12 + -12. Suppose -3*g + r - 3 = 0, g - 19 = -2*q. Suppose -4*k + 0*k + 4*d + 44 = 0, 0 = 2*d + q. Calculate the remainder when 17 is divided by k.
5
What is the remainder when 48 is divided by (-6 - -12)/36 + (-161)/(-6)?
21
Let c be ((-339)/9)/(5/(-30)). Let o = c - 156. What is the remainder when o is divided by 25?
20
Suppose 0 = w + 13 + 2. Let g = 13 + w. Let x = g + 14. What is the remainder when 33 is divided by x?
9
Suppose 6*k + 263 = -229. Let m = k + 105. Calculate the remainder when 68 is divided by m.
22
Suppose 154 = 4*l - 98. Calculate the remainder when ((-2)/(-3))/(2/l) is divided by 12.
9
Let l = -393 + 404. Calculate the remainder when 393 is divided by l.
8
Suppose -2627 = r - 3307. What is the remainder when r is divided by 114?
110
Suppose 33 = i - 3*i - q, q + 63 = -4*i. Let l = 21 + i. What is the remainder when l is divided by 15/4 - 1/(-4)?
2
Suppose 0 = x - y - 2*y - 3, 3*x - 69 = -3*y. Let v be (140/(-21))/((-4)/x). Let z = v + -20. Calculate the remainder when 38 is divided by z.
8
Let m = 11 + -6. Let r be 2/10 + 19/m. Suppose 3*k + 0*k - 370 = -5*v, 4*k = r*v - 328. Calculate the remainder when v is divided by 20.
17
Suppose -r + 5*q = -52, -r + 15 + 22 = -2*q. What is the remainder when 428 is divided by r?
23
Let w(s) = 47*s + 97. Calculate the remainder when w(-2) is divided by 1 + -2 + 2 + 1.
1
Let z = -711 - -748. Calculate the remainder when 406 is divided by z.
36
Let y = 24 - 41. Let w = 23 + y. What is the remainder when 53 is divided by w?
5
Let k = 140 - -11. Suppose 4*v + 59 = k. What is the remainder when v is divided by 13?
10
Suppose 3*d = 44 + 37. Suppose -z + 57 = 3*k, -3*z + 2*k + 147 = -k. What is the remainder when z is divided by d?
24
Suppose -2*v - 2*n + 15 = -61, 2*n = -5*v + 199. Let k(r) = 5*r**2 + 7*r - 1. What is the remainder when k(5) is divided by v?
36
Let z = -115 - -148. Suppose 32*g = z*g - 61. Calculate the remainder when g is divided by 9.
7
What is the remainder when 230 is divided by 501/39 - (0 - 2/13)?
9
Let v = 5522 - 5379. Let w = -7 + 23. Calculate the remainder when v is divided by w.
15
What is the remainder when 119 is divided by 2/(-4) + 112/32?
2
Let m(g) = g**2 + 8*g - 32. Let k be m(4). Suppose 2*z - 16 = 2*o, 3*o = -5 - 7. Suppose -4 + k = z*l. What is the remainder when 11 is divided by l?
2
Let l be (-4)/(-7)*(-42)/(-12). Let r be 2 + 114 + 4/l. Suppose 0 = 4*s - 2*b - r, 0 = -5*s + 4*b - 7*b + 164. What is the remainder when s is divided by 9?
4
Suppose 5*p - 113*h = -114*h + 1306, -4*p = -2*h - 1056. Calculate the remainder when p is divided by 12.
10
Let r = 11 + 11. Let u = 51 + -12. What is the remainder when u is divided by r?
17
Let n(h) = 24*h - 21. Calculate the remainder when n(3) is divided by 12.
3
Calculate the remainder when (-14 + 4)*(-15)/2 is divided by 21.
12
Let x(s) = -5*s - 16. Suppose -24 = -3*u + 6*u. What is the remainder when 70 is divided by x(u)?
22
Let j(m) be the third derivative of -m**6/120 + m**5/12 + 13*m**4/24 + 11*m**3/6 + 3*m**2. What is the remainder when j(6) is divided by 14?
11
Let c be 3/(2 + (-110)/56). Suppose -2*f = -2*t + 44, 2*f - c = -3*t - f. Let x(i) = -19*i - 74. Calculate the remainder when x(-9) is divided by t.
22
Suppose 2*o = -3*a + 5*a - 418, 0 = 2*a - o - 419. Calculate the remainder when (a/(-4))/(3/(-4)) is divided by 1/(-3) - 110/(-6).
16
Suppose -213*n - 469 + 3889 = -33*n. Suppose 2*f - 24 = -4*c, 0 = -0*f + 4*f + 8. What is the remainder when n is divided by c?
5
Calculate the remainder when 228 is divided by (54/30)/((-21)/(-700)).
48
Let t = 598 + -591. Let w be (-16 + 0)/(-1 - -2). Calculate the remainder when (w/6)/((-2)/9) is divided by t.
5
Let o = 51 - 54. What is the remainder when o + 1835/45 - (-2)/9 is divided by 15?
8
Let g = -50 - -60. Calculate the remainder when 26 is divided by g.
6
Let z(t) = t**2 - 33. What is the remainder when 130 is divided by z(10)?
63
Let j(v) = v**2 - 8*v + 28. Let q be j(5). Suppose -29 = -q*p + 12*p. What is the remainder when 143 is divided by p?
27
Let u = -12 - -22. Suppose 0*z - 55 = -3*x + 4*z, -u = -2*z. Calculate the remainder when x is divided by 10.
5
Suppose 0*w = -3*m + w + 108, 5*w + 85 = 2*m. What is the remainder when 54 is divided by m?
19
Calculate the remainder when (22 + 12)*(-9)/(-2) - 6 is divided by 77.
70
Suppose -23 = 4*a - 247. Calculate the remainder when 108 is divided by a.
52
Calculate the remainder when 68 is divided by (-22)/33*15/(-1).
8
Let z be 1080 + (-3 + 2)/1. Suppose -10*i - 59 = -z. Suppose -4*n + 110 = -2*w, 3*n - 37 = n - 5*w. Calculate the remainder when i is divided by n.
24
Suppose -55*o + 54*o - 5*t = -50, 0 = -4*o - 5*t + 230. What is the remainder when o is divided by 8?
4
Suppose 394*w - 439 = 393*w. What is the remainder when w is divided by 10?
9
Suppose -1922 = 13*u - 44*u. What is the remainder when 63 is divided by u?
1
Suppose -96 = -4*t + 3*i, -10*i = 2*t - 15*i - 48. What is the remainder when 282 is divided by t?
18
Suppose 2*i - 100 = -3*i - 2*p, -4*i + p + 80 = 0. Let v(m) = m**2 + 2*m + 4. Calculate the remainder when i is divided by v(-3).
6
Let c(s) = -s + 59. Calculate the remainder when c(21) is divided by 14.
10
Let t be (8/2 - 3)*-1. Let f be -3 - ((24 - 2) + t). Let g = 18 - f. Calculate the remainder when g is divided by 22.
20
Let r be 6/(-4) + 18/4. Suppose -r*o - 9 = 6. Let z(c) = -c**2 - 11*c + 7. What is the remainder when z(o) is divided by 10?
7
Let y = 3 + -5. Let o(m) = -m**2 + 2*m + 3. Let i be o(y). Let n(u) = u + 17. What is the remainder when 58 is divided by n(i)?
10
Let h(w) = -8*w + 97. What is the remainder when 95 is divided by h(9)?
20
Calculate the remainder when 2/2 + 136*9/6 is divided by 16.
13
Let h = -787 - -804. What is the remainder when 82 is divided by h?
14
Let z = 27 + 10. What is the remainder when 110 is divided by z?
36
Let g = 212 + -60. What is the remainder when g is divided by 39?
35
Calculate the remainder when 0 + 1 + 3*24 is divided by (-40)/(-15)*(-9)/(-2) - -7.
16
Suppose -81*i + 8 = -65*i - 8. Suppose 4*a + 4 = -3*o - 9, -3*o = 2*a + 5. What is the remainder when i is divided by o?
0
Calculate the remainder when -1 - 2/(5/470*-2) is divided by 47.
46
Suppose 4*y - 18 = -2*y. Suppose -y*i = -4*i + 24. Calculate the remainder when 46 is divided by i.
22
Let g = -1022 + 1433. Calculate the remainder when g is divided by 13.
8
Suppose 2*w = 3*w + 6. Let d(g) = g**3 + 7*g**2 - g - 3. Calculate the remainder when d(w) is divided by (126/(-27))/(1*(-2)/6).
11
Let v(w) = 2*w**2 + 3*w - 2. Let r be v(4). Let j = 3 - r. Calculate the remainder when 46 is divided by 4/26 - 618/j.
14
Let u(n) = 13*n - 29. Let o be u(8). Let f = 26 - 76. Let y = f + o. Calculate the remainder when y is divided by 9.
7
Let y = -6 + 8. Suppose -30 = -y*h - 10. Calculate the remainder when 294/h + (-18)/(-30) is divided by 8.
6
Suppose v - 4*v + 336 = -3*c, -3*v = c - 352. Let u = v + -63. Calculate the remainder when 209 is divided by u.
50
Calculate the remainder when 132 is divided by (61 - (4 - 2))/(-8 + 9).
14
Let h = 1810 - 1219. What is the remainder when h is divided by 33?
30
Suppose 213 = 3*z - 0*z. Calculate the remainder when z is divided by 22.
5
What is the remainder when 18 is divided by -5*(161/35 - 5)?
0
Suppose -4*g = -3*f - 6, -2 = -f + 2*g - 6. Calculate the remainder when 4 is divided by f.
0
Suppose 0 = -5*a - 369 + 1019. Suppose -2*i - 4*t = -a, -5*i + 3*t - 120 + 445 = 0. Calculate the remainder when i is divided by 17.
14
Suppose 7661 = 26*u - 5989. Calculate the remainder when u is divided by 17.
15
Suppose 506 = 3*q + m, -2*q - 5*m = -4*q + 309. Let t = q + -80. What is the remainder when t is divided by 22?
21
Let k(l) = 32*l**2 + 1. Let g be k(1). Suppose g = z - 3. Calculate the remainder when 69 is divided by (z/14)/(1/7).
15
Let s be ((-4)/(-10) - 188/(-5)) + -1. Suppose 0*x + 4*c = -5*x + 187, -x + s = c. What is the remainder when x is divided by 10?
9
Let v = 479 - 88. What is the remainder when v is divided by 12?
7
Suppose 10*c - 2319 = -809. Suppose 0 = a - 79 + 28. Calculate the r